{"id":79,"date":"2022-11-23T13:57:44","date_gmt":"2022-11-23T13:57:44","guid":{"rendered":"https:\/\/relaunch.hms.ulm.schule\/?page_id=79"},"modified":"2023-05-22T21:35:48","modified_gmt":"2023-05-22T19:35:48","slug":"datenschutz","status":"publish","type":"page","link":"https:\/\/hans-multscher-ulm.de\/index.php\/datenschutz\/","title":{"rendered":"Datenschutz"},"content":{"rendered":"\n<p>1.<strong> Verantwortlicher und Datenschutzbeauftragter<\/strong><\/p>\n\n\n\n<p><br>1.1 Verantwortlicher gem. Art. 4 Abs. 7 EU-Datenschutz-Grundverordnung (EU-DSGVO) ist Regine Sp\u00e4th, Am Eselberg 2, 89075 Ulm, multscher-gs[at]ulm.de.\u00a0(siehe unser Impressum).<br>1.2 Unseren Datenschutzbeauftragten erreichen Sie unter datenschutz[at]ssa-bc.kv.bwl.de oder unserer Postadresse mit dem Zusatz \u201eder Datenschutzbeauftragte\u201c.<\/p>\n\n\n\n<p><br><strong>2. Information \u00fcber die Erhebung personenbezogener Daten, Speicherdauer<\/strong><\/p>\n\n\n\n<p><br>2.1 Im Folgenden informieren wir \u00fcber die Erhebung personenbezogener Daten bei Nutzung unserer<br>Website. Personenbezogene Daten sind alle Daten, die auf Sie pers\u00f6nlich beziehbar sind, z. B. Name, Adresse, E-Mail-Adressen, Nutzerverhalten.<br>2.2 Bei Ihrer Kontaktaufnahme mit uns per E-Mail oder \u00fcber ein Kontaktformular werden die von Ihnen mitgeteilten Daten (Ihre E-Mail-Adresse, ggf. Ihr Name und Ihre Telefonnummer) von uns gespeichert, um Ihre Fragen zu beantworten. Die in diesem Zusammenhang anfallenden Daten l\u00f6schen wir, nachdem die Speicherung nicht mehr erforderlich ist, oder schr\u00e4nken die Verarbeitung ein, falls gesetzliche<br>Aufbewahrungspflichten bestehen.<br>2.3 Falls wir f\u00fcr einzelne Funktionen unseres Angebots auf beauftragte Dienstleister zur\u00fcckgreifen<br>oder Ihre Daten f\u00fcr werbliche Zwecke nutzen m\u00f6chten, werden wir Sie untenstehend im Detail \u00fcberdie jeweiligen Vorg\u00e4nge informieren. Dabei nennen wir auch die festgelegten Kriterien der Speicherdauer.<\/p>\n\n\n\n<p><br><strong>3. Ihre Rechte<\/strong><\/p>\n\n\n\n<p>3.1 Sie haben gegen\u00fcber uns folgende Rechte hinsichtlich der Sie betreffenden personenbezogenen<br>Daten:<br>\u2013 Recht auf Auskunft,<br>\u2013 Recht auf Berichtigung oder L\u00f6schung,<br>\u2013 Recht auf Einschr\u00e4nkung der Verarbeitung,<br>\u2013 Recht auf Widerspruch gegen die Verarbeitung,<br>\u2013 Recht auf Daten\u00fcbertragbarkeit.<br>3.2 Sie haben zudem das Recht, sich bei einer Datenschutz-Aufsichtsbeh\u00f6rde \u00fcber die Verarbeitung<br>Ihrer personenbezogenen Daten durch uns zu beschweren. Die Datenschutzaufsichtsbeh\u00f6rde ist der Landesbeauftragte f\u00fcr den Datenschutz und die Informationsfreiheit (LfDI), K\u00f6nigstrasse 10a, 70173<br>Stuttgart.<br>3.3 Werden personenbezogene Daten an ein Drittland oder an eine internationale Organisation \u00fcbermittelt, so haben Sie das Recht, \u00fcber die geeigneten Garantien gem\u00e4\u00df Art. 46 EU-DSGVO im Zusammenhang mit der \u00dcbermittlung unterrichtet zu werden.<\/p>\n\n\n\n<p><strong>4. Erhebung und Zweck personenbezogener Daten bei Besuch unserer Website<\/strong><\/p>\n\n\n\n<p><br>4.1 Bei der blo\u00df informatorischen Nutzung der Website, also wenn Sie sich nicht registrieren oder uns anderweitig Informationen \u00fcbermitteln, erheben wir nur die personenbezogenen Daten, die Ihr Browser an unseren Server \u00fcbermittelt. Wenn Sie unsere Website betrachten m\u00f6chten, erheben wir die folgenden Daten, die f\u00fcr uns technisch erforderlich sind, um Ihnen unsere Website anzuzeigen und die Stabilit\u00e4t und Sicherheit zu gew\u00e4hrleisten (Rechtsgrundlage ist Art. 6 Abs. 1 S. 1 lit. f EU-DSGVO):<br>\uf0b7 IP-Adresse<br>\uf0b7 Datum und Uhrzeit der Anfrage<br>\uf0b7 Zeitzonendifferenz zur Greenwich Mean Time (GMT)<br>\uf0b7 Inhalt der Anforderung (konkrete Seite)<br>\uf0b7 Zugriffsstatus\/HTTP-Statuscode<br>\uf0b7 jeweils \u00fcbertragene Datenmenge<br>\uf0b7 Website, von der die Anforderung kommt<br>\uf0b7 Browser<br>\uf0b7 Betriebssystem und dessen Oberfl\u00e4che<br>\uf0b7 Sprache und Version der Browsersoftware.<\/p>\n\n\n\n<p><br>4.2 Zus\u00e4tzlich zu den zuvor genannten Daten werden bei Ihrer Nutzung unserer Website Cookies auf Ihrem Rechner gespeichert. Bei Cookies handelt es sich um kleine Textdateien, die auf Ihrer Festplatte dem von Ihnen verwendeten Browser zugeordnet gespeichert werden und durch welche der Stelle, die den Cookie setzt (hier durch uns), bestimmte Informationen zuflie\u00dfen. Cookies k\u00f6nnen keine Programme ausf\u00fchren oder Viren auf Ihren Computer \u00fcbertragen. Sie dienen dazu, das Internetangebot<br>insgesamt nutzerfreundlicher und effektiver zu machen. Sie k\u00f6nnen den Einsatz der Cookies ablehnen.<\/p>\n\n\n\n<p><br>4.3 Einsatz von Cookies 1:<br>a) Diese Website nutzt folgende Arten von Cookies, deren Umfang und Funktionsweise im Folgenden erl\u00e4utert werden:<br>\u2013 Transiente Cookies (dazu b)<br>\u2013 Persistente Cookies (dazu c).<br>b) Transiente Cookies werden automatisiert gel\u00f6scht, wenn Sie den Browser schlie\u00dfen. Dazu z\u00e4hlen insbesondere die Session-Cookies. Diese speichern eine sogenannte Session-ID, mit welcher sich verschiedene Anfragen Ihres Browsers der gemeinsamen Sitzung zuordnen lassen. Dadurch kann Ihr Rechner wiedererkannt werden, wenn Sie auf unsere Website zur\u00fcckkehren. Die Session-Cookies werden gel\u00f6scht, wenn Sie sich ausloggen oder den Browser schlie\u00dfen.<br>c) Persistente Cookies werden automatisiert nach einer vorgegebenen Dauer gel\u00f6scht, die sich je nach Cookie unterscheiden kann. Sie k\u00f6nnen die Cookies in den Sicherheitseinstellungen Ihres Browsers jederzeit l\u00f6schen.<br>d) [Die genutzten Flash-Cookies werden nicht durch Ihren Browser erfasst, sondern durch Ihr Flash-Plug-in. Weiterhin nutzen wir HTML5 storage objects, die auf Ihrem Endger\u00e4t abgelegt werden. Diese Objekte speichern die erforderlichen Daten unabh\u00e4ngig von Ihrem verwendeten Browser und haben kein automatisches Ablaufdatum. Wenn Sie keine Verarbeitung der Flash-Cookies w\u00fcnschen, m\u00fcssen Sie ein entsprechendes Add-On installieren, z. B. \u201eBetter Privacy\u201c f\u00fcr Mozilla Firefox (https:\/\/addons.mozilla.org\/de\/firefox\/addon\/betterprivacy\/) oder das Adobe- Flash-Killer-Cookie f\u00fcr Google Chrome. Die Nutzung von HTML5 storage objects k\u00f6nnen Sie verhindern, indem Sie in Ihrem Browser den privaten Modus einsetzen. Zudem empfehlen wir, regelm\u00e4\u00dfig Ihre Cookies und den Browser-Verlauf manuell zu l\u00f6schen.]<\/p>\n\n\n\n<p><br>5. Links auf andere Webseiten<br>Wenn wir Links zu Webseiten anderer Organisationen bereitstellen, gilt diese Datenschutzerkl\u00e4rung nicht f\u00fcr die Verarbeitung personenbezogener Daten durch diese Organisation. Wir empfehlen Ihnen daher, die Datenschutzhinweise auf den anderen von Ihnen besuchten Webseiten zu lesen<br><\/p>\n","protected":false},"excerpt":{"rendered":"<p>1. Verantwortlicher und Datenschutzbeauftragter 1.1 Verantwortlicher gem. Art. 4 Abs. 7 EU-Datenschutz-Grundverordnung (EU-DSGVO) ist Regine Sp\u00e4th, Am Eselberg 2, 89075 Ulm, multscher-gs[at]ulm.de.\u00a0(siehe unser Impressum).1.2 Unseren Datenschutzbeauftragten erreichen Sie unter datenschutz[at]ssa-bc.kv.bwl.de oder unserer Postadresse mit&#46;&#46;&#46;<\/p>\n","protected":false},"author":1,"featured_media":0,"parent":0,"menu_order":0,"comment_status":"closed","ping_status":"closed","template":"","meta":{"_mc_calendar":[],"footnotes":""},"class_list":["post-79","page","type-page","status-publish","hentry"],"_links":{"self":[{"href":"https:\/\/hans-multscher-ulm.de\/index.php\/wp-json\/wp\/v2\/pages\/79","targetHints":{"allow":["GET"]}}],"collection":[{"href":"https:\/\/hans-multscher-ulm.de\/index.php\/wp-json\/wp\/v2\/pages"}],"about":[{"href":"https:\/\/hans-multscher-ulm.de\/index.php\/wp-json\/wp\/v2\/types\/page"}],"author":[{"embeddable":true,"href":"https:\/\/hans-multscher-ulm.de\/index.php\/wp-json\/wp\/v2\/users\/1"}],"replies":[{"embeddable":true,"href":"https:\/\/hans-multscher-ulm.de\/index.php\/wp-json\/wp\/v2\/comments?post=79"}],"version-history":[{"count":6,"href":"https:\/\/hans-multscher-ulm.de\/index.php\/wp-json\/wp\/v2\/pages\/79\/revisions"}],"predecessor-version":[{"id":430,"href":"https:\/\/hans-multscher-ulm.de\/index.php\/wp-json\/wp\/v2\/pages\/79\/revisions\/430"}],"wp:attachment":[{"href":"https:\/\/hans-multscher-ulm.de\/index.php\/wp-json\/wp\/v2\/media?parent=79"}],"curies":[{"name":"wp","href":"https:\/\/api.w.org\/{rel}","templated":true}]}}

<p>1.<strong> Verantwortlicher und Datenschutzbeauftragter</strong></p>



<p><br>1.1 Verantwortlicher gem. Art. 4 Abs. 7 EU-Datenschutz-Grundverordnung (EU-DSGVO) ist Regine Späth, Am Eselberg 2, 89075 Ulm, multscher-gs[at]ulm.de. (siehe unser Impressum).<br>1.2 Unseren Datenschutzbeauftragten erreichen Sie unter datenschutz[at]ssa-bc.kv.bwl.de oder unserer Postadresse mit dem Zusatz „der Datenschutzbeauftragte“.</p>



<p><br><strong>2. Information über die Erhebung personenbezogener Daten, Speicherdauer</strong></p>



<p><br>2.1 Im Folgenden informieren wir über die Erhebung personenbezogener Daten bei Nutzung unserer<br>Website. Personenbezogene Daten sind alle Daten, die auf Sie persönlich beziehbar sind, z. B. Name, Adresse, E-Mail-Adressen, Nutzerverhalten.<br>2.2 Bei Ihrer Kontaktaufnahme mit uns per E-Mail oder über ein Kontaktformular werden die von Ihnen mitgeteilten Daten (Ihre E-Mail-Adresse, ggf. Ihr Name und Ihre Telefonnummer) von uns gespeichert, um Ihre Fragen zu beantworten. Die in diesem Zusammenhang anfallenden Daten löschen wir, nachdem die Speicherung nicht mehr erforderlich ist, oder schränken die Verarbeitung ein, falls gesetzliche<br>Aufbewahrungspflichten bestehen.<br>2.3 Falls wir für einzelne Funktionen unseres Angebots auf beauftragte Dienstleister zurückgreifen<br>oder Ihre Daten für werbliche Zwecke nutzen möchten, werden wir Sie untenstehend im Detail überdie jeweiligen Vorgänge informieren. Dabei nennen wir auch die festgelegten Kriterien der Speicherdauer.</p>



<p><br><strong>3. Ihre Rechte</strong></p>



<p>3.1 Sie haben gegenüber uns folgende Rechte hinsichtlich der Sie betreffenden personenbezogenen<br>Daten:<br>– Recht auf Auskunft,<br>– Recht auf Berichtigung oder Löschung,<br>– Recht auf Einschränkung der Verarbeitung,<br>– Recht auf Widerspruch gegen die Verarbeitung,<br>– Recht auf Datenübertragbarkeit.<br>3.2 Sie haben zudem das Recht, sich bei einer Datenschutz-Aufsichtsbehörde über die Verarbeitung<br>Ihrer personenbezogenen Daten durch uns zu beschweren. Die Datenschutzaufsichtsbehörde ist der Landesbeauftragte für den Datenschutz und die Informationsfreiheit (LfDI), Königstrasse 10a, 70173<br>Stuttgart.<br>3.3 Werden personenbezogene Daten an ein Drittland oder an eine internationale Organisation übermittelt, so haben Sie das Recht, über die geeigneten Garantien gemäß Art. 46 EU-DSGVO im Zusammenhang mit der Übermittlung unterrichtet zu werden.</p>



<p><strong>4. Erhebung und Zweck personenbezogener Daten bei Besuch unserer Website</strong></p>



<p><br>4.1 Bei der bloß informatorischen Nutzung der Website, also wenn Sie sich nicht registrieren oder uns anderweitig Informationen übermitteln, erheben wir nur die personenbezogenen Daten, die Ihr Browser an unseren Server übermittelt. Wenn Sie unsere Website betrachten möchten, erheben wir die folgenden Daten, die für uns technisch erforderlich sind, um Ihnen unsere Website anzuzeigen und die Stabilität und Sicherheit zu gewährleisten (Rechtsgrundlage ist Art. 6 Abs. 1 S. 1 lit. f EU-DSGVO):<br> IP-Adresse<br> Datum und Uhrzeit der Anfrage<br> Zeitzonendifferenz zur Greenwich Mean Time (GMT)<br> Inhalt der Anforderung (konkrete Seite)<br> Zugriffsstatus/HTTP-Statuscode<br> jeweils übertragene Datenmenge<br> Website, von der die Anforderung kommt<br> Browser<br> Betriebssystem und dessen Oberfläche<br> Sprache und Version der Browsersoftware.</p>



<p><br>4.2 Zusätzlich zu den zuvor genannten Daten werden bei Ihrer Nutzung unserer Website Cookies auf Ihrem Rechner gespeichert. Bei Cookies handelt es sich um kleine Textdateien, die auf Ihrer Festplatte dem von Ihnen verwendeten Browser zugeordnet gespeichert werden und durch welche der Stelle, die den Cookie setzt (hier durch uns), bestimmte Informationen zufließen. Cookies können keine Programme ausführen oder Viren auf Ihren Computer übertragen. Sie dienen dazu, das Internetangebot<br>insgesamt nutzerfreundlicher und effektiver zu machen. Sie können den Einsatz der Cookies ablehnen.</p>



<p><br>4.3 Einsatz von Cookies 1:<br>a) Diese Website nutzt folgende Arten von Cookies, deren Umfang und Funktionsweise im Folgenden erläutert werden:<br>– Transiente Cookies (dazu b)<br>– Persistente Cookies (dazu c).<br>b) Transiente Cookies werden automatisiert gelöscht, wenn Sie den Browser schließen. Dazu zählen insbesondere die Session-Cookies. Diese speichern eine sogenannte Session-ID, mit welcher sich verschiedene Anfragen Ihres Browsers der gemeinsamen Sitzung zuordnen lassen. Dadurch kann Ihr Rechner wiedererkannt werden, wenn Sie auf unsere Website zurückkehren. Die Session-Cookies werden gelöscht, wenn Sie sich ausloggen oder den Browser schließen.<br>c) Persistente Cookies werden automatisiert nach einer vorgegebenen Dauer gelöscht, die sich je nach Cookie unterscheiden kann. Sie können die Cookies in den Sicherheitseinstellungen Ihres Browsers jederzeit löschen.<br>d) [Die genutzten Flash-Cookies werden nicht durch Ihren Browser erfasst, sondern durch Ihr Flash-Plug-in. Weiterhin nutzen wir HTML5 storage objects, die auf Ihrem Endgerät abgelegt werden. Diese Objekte speichern die erforderlichen Daten unabhängig von Ihrem verwendeten Browser und haben kein automatisches Ablaufdatum. Wenn Sie keine Verarbeitung der Flash-Cookies wünschen, müssen Sie ein entsprechendes Add-On installieren, z. B. „Better Privacy“ für Mozilla Firefox (https://addons.mozilla.org/de/firefox/addon/betterprivacy/) oder das Adobe- Flash-Killer-Cookie für Google Chrome. Die Nutzung von HTML5 storage objects können Sie verhindern, indem Sie in Ihrem Browser den privaten Modus einsetzen. Zudem empfehlen wir, regelmäßig Ihre Cookies und den Browser-Verlauf manuell zu löschen.]</p>



<p><br>5. Links auf andere Webseiten<br>Wenn wir Links zu Webseiten anderer Organisationen bereitstellen, gilt diese Datenschutzerklärung nicht für die Verarbeitung personenbezogener Daten durch diese Organisation. Wir empfehlen Ihnen daher, die Datenschutzhinweise auf den anderen von Ihnen besuchten Webseiten zu lesen<br></p>

<p>1. Verantwortlicher und Datenschutzbeauftragter 1.1 Verantwortlicher gem. Art. 4 Abs. 7 EU-Datenschutz-Grundverordnung (EU-DSGVO) ist Regine Späth, Am Eselberg 2, 89075 Ulm, multscher-gs[at]ulm.de. (siehe unser Impressum).1.2 Unseren Datenschutzbeauftragten erreichen Sie unter datenschutz[at]ssa-bc.kv.bwl.de oder unserer Postadresse mit&#46;&#46;&#46;</p>
