{"id":55,"date":"2022-11-23T07:44:00","date_gmt":"2022-11-23T07:44:00","guid":{"rendered":"https:\/\/relaunch.hms.ulm.schule\/?page_id=55"},"modified":"2024-03-16T15:40:00","modified_gmt":"2024-03-16T14:40:00","slug":"herzlich-willkommen","status":"publish","type":"page","link":"https:\/\/hans-multscher-ulm.de\/","title":{"rendered":"Herzlich Willkommen an der Hans-Multscher-Schule Ulm"},"content":{"rendered":"\n<p><\/p>\n\n\n\n<div class=\"wp-block-columns is-layout-flex wp-container-core-columns-is-layout-9d6595d7 wp-block-columns-is-layout-flex\">\n<div class=\"wp-block-column is-layout-flow wp-block-column-is-layout-flow\">\n<figure class=\"wp-block-image size-full is-style-rounded\"><img loading=\"lazy\" decoding=\"async\" width=\"397\" height=\"298\" src=\"https:\/\/hans-multscher-ulm.de\/wp-content\/uploads\/2023\/04\/Unbenannt-11.-April-2023-12.40.jpg\" alt=\"\" class=\"wp-image-323\" srcset=\"https:\/\/hans-multscher-ulm.de\/wp-content\/uploads\/2023\/04\/Unbenannt-11.-April-2023-12.40.jpg 397w, https:\/\/hans-multscher-ulm.de\/wp-content\/uploads\/2023\/04\/Unbenannt-11.-April-2023-12.40-300x225.jpg 300w\" sizes=\"auto, (max-width: 397px) 100vw, 397px\" \/><figcaption class=\"wp-element-caption\"><strong><mark style=\"background-color:rgba(0, 0, 0, 0)\" class=\"has-inline-color has-cyan-bluish-gray-color\">Lernen<\/mark><\/strong><\/figcaption><\/figure>\n<\/div>\n\n\n\n<div class=\"wp-block-column is-layout-flow wp-block-column-is-layout-flow\">\n<figure class=\"wp-block-image size-full is-style-rounded\"><img loading=\"lazy\" decoding=\"async\" width=\"397\" height=\"298\" src=\"https:\/\/hans-multscher-ulm.de\/wp-content\/uploads\/2023\/04\/Unbenannt-11.-April-2023-12.43.jpg\" alt=\"\" class=\"wp-image-324\" srcset=\"https:\/\/hans-multscher-ulm.de\/wp-content\/uploads\/2023\/04\/Unbenannt-11.-April-2023-12.43.jpg 397w, https:\/\/hans-multscher-ulm.de\/wp-content\/uploads\/2023\/04\/Unbenannt-11.-April-2023-12.43-300x225.jpg 300w\" sizes=\"auto, (max-width: 397px) 100vw, 397px\" \/><figcaption class=\"wp-element-caption\"><strong><mark style=\"background-color:rgba(0, 0, 0, 0)\" class=\"has-inline-color has-cyan-bluish-gray-color\">Wissen<\/mark><\/strong><\/figcaption><\/figure>\n<\/div>\n\n\n\n<div class=\"wp-block-column is-layout-flow wp-block-column-is-layout-flow\">\n<figure class=\"wp-block-image size-full is-style-rounded\"><img loading=\"lazy\" decoding=\"async\" width=\"397\" height=\"298\" src=\"https:\/\/hans-multscher-ulm.de\/wp-content\/uploads\/2023\/04\/Unbenannt-11.-April-2023-12.44.jpg\" alt=\"\" class=\"wp-image-325\" srcset=\"https:\/\/hans-multscher-ulm.de\/wp-content\/uploads\/2023\/04\/Unbenannt-11.-April-2023-12.44.jpg 397w, https:\/\/hans-multscher-ulm.de\/wp-content\/uploads\/2023\/04\/Unbenannt-11.-April-2023-12.44-300x225.jpg 300w\" sizes=\"auto, (max-width: 397px) 100vw, 397px\" \/><figcaption class=\"wp-element-caption\"><strong><mark style=\"background-color:rgba(0, 0, 0, 0)\" class=\"has-inline-color has-cyan-bluish-gray-color\">Lachen<\/mark><\/strong><\/figcaption><\/figure>\n<\/div>\n<\/div>\n\n\n\n<h2 class=\"wp-block-heading has-text-align-center\">Unsere Grunds\u00e4tze<\/h2>\n\n\n\n<p>                                              <\/p>\n\n\n\n<figure class=\"wp-block-pullquote\"><blockquote><p>Jeder hat das Recht, sich an unserer Schule wohlzuf\u00fchlen.<br>Wir st\u00e4rken das Selbstbewusstsein und das Selbstvertrauen der Kinder.<br>Jeder \u00fcbernimmt Verantwortung im Schulalltag f\u00fcr sich und andere.<br>Alle Kinder sind unterschiedlich und bringen unterschiedliche F\u00e4higkeiten mit. <br>Wir st\u00e4rken und f\u00f6rdern diese.<br>Zusammenarbeit mit Eltern und externen Partnern ist uns ein wichtiges Anliegen.<br>Wir setzen unseren Fokus auf das Lernen, die Wissensaneignung und das gemeinsame Lachen!<\/p><\/blockquote><\/figure>\n\n\n\n<blockquote class=\"wp-block-quote is-layout-flow wp-block-quote-is-layout-flow\">\n<p>Sowohl die Eltern als auch die Sch\u00fclerinnen und Sch\u00fcler der Hans-Multscher-Grundschule sind davon \u00fcberzeugt, dass die fachliche Arbeit an der Schule die Lernenden gut auf ihren weiteren Bildungsweg vorbereitet. Die Zufriedenheit der Lernenden sowie der Eltern mit der Hans-Multscher-Schule als Lernort ist hoch. Die Sch\u00fclerinnen und Sch\u00fcler gehen gerne zur Schule und erleben sie als gepflegten, angenehmen Ort. Die Lernenden f\u00fchlen sich von den Lehrkr\u00e4ften ernst genommen und unterst\u00fctzt sowie von den Mitsch\u00fclerinnen und Mitsch\u00fclern anerkannt. Aus Sicht der Eltern zeichnet sich die Schule durch eine gelebte Gemeinschaft aus, in der Ausgrenzungen selten sind. Ihrer Einsch\u00e4tzung nach f\u00f6rdert die Schule die Pers\u00f6nlichkeitsentwicklung ihrer Kinder. Sie sch\u00e4tzen die Verl\u00e4sslichkeit der Schule sowohl in Bezug auf unterrichtliche als auch au\u00dferunterrichtliche Angebote.<\/p>\n\n\n\n<p><\/p>\n<cite>Bericht der Fremdevaluation 2016<\/cite><\/blockquote>\n\n\n\n<p><\/p>\n\n\n<ul class=\"wp-block-latest-posts__list is-grid columns-3 wp-block-latest-posts\"><li><div class=\"wp-block-latest-posts__featured-image\"><img loading=\"lazy\" decoding=\"async\" width=\"150\" height=\"150\" src=\"https:\/\/hans-multscher-ulm.de\/wp-content\/uploads\/2026\/02\/20260213_110306-150x150.jpg\" class=\"attachment-thumbnail size-thumbnail no-lazy wp-post-image\" alt=\"\" style=\"\" srcset=\"https:\/\/hans-multscher-ulm.de\/wp-content\/uploads\/2026\/02\/20260213_110306-150x150.jpg 150w, https:\/\/hans-multscher-ulm.de\/wp-content\/uploads\/2026\/02\/20260213_110306-80x80.jpg 80w, https:\/\/hans-multscher-ulm.de\/wp-content\/uploads\/2026\/02\/20260213_110306-320x320.jpg 320w\" sizes=\"auto, (max-width: 150px) 100vw, 150px\" \/><\/div><a class=\"wp-block-latest-posts__post-title\" href=\"https:\/\/hans-multscher-ulm.de\/index.php\/2026\/02\/13\/buntes-treiben-am-freitag-fasching-an-unserer-schule\/\">Buntes Treiben am Freitag \u2013 Fasching an unserer Schule<\/a><\/li>\n<li><div class=\"wp-block-latest-posts__featured-image\"><img loading=\"lazy\" decoding=\"async\" width=\"150\" height=\"150\" src=\"https:\/\/hans-multscher-ulm.de\/wp-content\/uploads\/2026\/01\/9b2f1682-fb83-474d-91bd-6cfcc0c673a2-150x150.jpg\" class=\"attachment-thumbnail size-thumbnail no-lazy wp-post-image\" alt=\"\" style=\"\" srcset=\"https:\/\/hans-multscher-ulm.de\/wp-content\/uploads\/2026\/01\/9b2f1682-fb83-474d-91bd-6cfcc0c673a2-150x150.jpg 150w, https:\/\/hans-multscher-ulm.de\/wp-content\/uploads\/2026\/01\/9b2f1682-fb83-474d-91bd-6cfcc0c673a2-80x80.jpg 80w, https:\/\/hans-multscher-ulm.de\/wp-content\/uploads\/2026\/01\/9b2f1682-fb83-474d-91bd-6cfcc0c673a2-320x320.jpg 320w\" sizes=\"auto, (max-width: 150px) 100vw, 150px\" \/><\/div><a class=\"wp-block-latest-posts__post-title\" href=\"https:\/\/hans-multscher-ulm.de\/index.php\/2025\/12\/18\/adventscafe-in-der-multscherschule\/\">Adventscaf\u00e9 in der Multscherschule<\/a><\/li>\n<li><div class=\"wp-block-latest-posts__featured-image\"><img loading=\"lazy\" decoding=\"async\" width=\"150\" height=\"150\" src=\"https:\/\/hans-multscher-ulm.de\/wp-content\/uploads\/2025\/12\/9f71ff8b-a4e6-4586-b58d-5a2f95d97a49-150x150.jpg\" class=\"attachment-thumbnail size-thumbnail no-lazy wp-post-image\" alt=\"\" style=\"\" srcset=\"https:\/\/hans-multscher-ulm.de\/wp-content\/uploads\/2025\/12\/9f71ff8b-a4e6-4586-b58d-5a2f95d97a49-150x150.jpg 150w, https:\/\/hans-multscher-ulm.de\/wp-content\/uploads\/2025\/12\/9f71ff8b-a4e6-4586-b58d-5a2f95d97a49-80x80.jpg 80w, https:\/\/hans-multscher-ulm.de\/wp-content\/uploads\/2025\/12\/9f71ff8b-a4e6-4586-b58d-5a2f95d97a49-320x320.jpg 320w\" sizes=\"auto, (max-width: 150px) 100vw, 150px\" \/><\/div><a class=\"wp-block-latest-posts__post-title\" href=\"https:\/\/hans-multscher-ulm.de\/index.php\/2025\/12\/08\/ho-ho-ho\/\">Ho ho ho&#8230;<\/a><\/li>\n<\/ul>","protected":false},"excerpt":{"rendered":"<p>Unsere Grunds\u00e4tze Jeder hat das Recht, sich an unserer Schule wohlzuf\u00fchlen.Wir st\u00e4rken das Selbstbewusstsein und das Selbstvertrauen der Kinder.Jeder \u00fcbernimmt Verantwortung im Schulalltag f\u00fcr sich und andere.Alle Kinder sind unterschiedlich und bringen unterschiedliche F\u00e4higkeiten&#46;&#46;&#46;<\/p>\n","protected":false},"author":1,"featured_media":642,"parent":0,"menu_order":0,"comment_status":"closed","ping_status":"closed","template":"","meta":{"_mc_calendar":[],"footnotes":""},"class_list":["post-55","page","type-page","status-publish","has-post-thumbnail","hentry"],"_links":{"self":[{"href":"https:\/\/hans-multscher-ulm.de\/index.php\/wp-json\/wp\/v2\/pages\/55","targetHints":{"allow":["GET"]}}],"collection":[{"href":"https:\/\/hans-multscher-ulm.de\/index.php\/wp-json\/wp\/v2\/pages"}],"about":[{"href":"https:\/\/hans-multscher-ulm.de\/index.php\/wp-json\/wp\/v2\/types\/page"}],"author":[{"embeddable":true,"href":"https:\/\/hans-multscher-ulm.de\/index.php\/wp-json\/wp\/v2\/users\/1"}],"replies":[{"embeddable":true,"href":"https:\/\/hans-multscher-ulm.de\/index.php\/wp-json\/wp\/v2\/comments?post=55"}],"version-history":[{"count":30,"href":"https:\/\/hans-multscher-ulm.de\/index.php\/wp-json\/wp\/v2\/pages\/55\/revisions"}],"predecessor-version":[{"id":698,"href":"https:\/\/hans-multscher-ulm.de\/index.php\/wp-json\/wp\/v2\/pages\/55\/revisions\/698"}],"wp:featuredmedia":[{"embeddable":true,"href":"https:\/\/hans-multscher-ulm.de\/index.php\/wp-json\/wp\/v2\/media\/642"}],"wp:attachment":[{"href":"https:\/\/hans-multscher-ulm.de\/index.php\/wp-json\/wp\/v2\/media?parent=55"}],"curies":[{"name":"wp","href":"https:\/\/api.w.org\/{rel}","templated":true}]}}