{"id":22,"date":"2022-10-19T13:16:45","date_gmt":"2022-10-19T13:16:45","guid":{"rendered":"https:\/\/relaunch.hms.ulm.schule\/?page_id=22"},"modified":"2025-09-19T14:37:32","modified_gmt":"2025-09-19T12:37:32","slug":"kontakt","status":"publish","type":"page","link":"https:\/\/hans-multscher-ulm.de\/index.php\/kontakt\/","title":{"rendered":"Kontakt"},"content":{"rendered":"\n<p><strong>Kontakt zu Klassenlehrkr\u00e4ften, Fachlehrkr\u00e4ften, AG-Leitungen, etc. ganz einfach \u00fcber:<\/strong><\/p>\n\n\n<div class=\"wp-block-image\">\n<figure class=\"aligncenter size-full is-resized\"><img loading=\"lazy\" decoding=\"async\" width=\"1010\" height=\"420\" src=\"https:\/\/hans-multscher-ulm.de\/wp-content\/uploads\/2024\/10\/Sdui_Logo-PNG-1000px.png\" alt=\"\" class=\"wp-image-888\" style=\"width:404px;height:auto\" srcset=\"https:\/\/hans-multscher-ulm.de\/wp-content\/uploads\/2024\/10\/Sdui_Logo-PNG-1000px.png 1010w, https:\/\/hans-multscher-ulm.de\/wp-content\/uploads\/2024\/10\/Sdui_Logo-PNG-1000px-300x125.png 300w, https:\/\/hans-multscher-ulm.de\/wp-content\/uploads\/2024\/10\/Sdui_Logo-PNG-1000px-768x319.png 768w\" sizes=\"auto, (max-width: 1010px) 100vw, 1010px\" \/><\/figure>\n<\/div>\n\n\n<p><\/p>\n\n\n\n<p>Sollten Sie Fragen zu Sdui haben oder Schwierigkeiten mit Ihrem Account auftreten, wenden Sie sich bitte an Daniela St\u00fcckle (e-mail: daniela.stueckle[at]bw.schule).<\/p>\n\n\n\n<p><\/p>\n\n\n\n<h3 class=\"wp-block-heading has-text-align-left\">Hans-Multscher-Grundschule<\/h3>\n\n\n\n<p class=\"has-text-align-left\">Am Eselsberg 2<br>89075 Ulm<\/p>\n\n\n\n<p class=\"has-text-align-left\">Telefon: +49 731 161-3524<br>e-mail: multscher-gs[at]ulm.de<\/p>\n\n\n\n<p><\/p>\n\n\n\n<p><\/p>\n\n\n<div tabindex=\"700\" id=\"drdsgvo_map\" class=\"drdsgvo_map\" style=\"height:100%;margin:0:padding:0\"><\/div>\n","protected":false},"excerpt":{"rendered":"<p>Kontakt zu Klassenlehrkr\u00e4ften, Fachlehrkr\u00e4ften, AG-Leitungen, etc. ganz einfach \u00fcber: Sollten Sie Fragen zu Sdui haben oder Schwierigkeiten mit Ihrem Account auftreten, wenden Sie sich bitte an Daniela St\u00fcckle (e-mail: daniela.stueckle[at]bw.schule). Hans-Multscher-Grundschule Am Eselsberg 289075&#46;&#46;&#46;<\/p>\n","protected":false},"author":1,"featured_media":0,"parent":0,"menu_order":0,"comment_status":"closed","ping_status":"closed","template":"","meta":{"_mc_calendar":[],"footnotes":""},"class_list":["post-22","page","type-page","status-publish","hentry"],"_links":{"self":[{"href":"https:\/\/hans-multscher-ulm.de\/index.php\/wp-json\/wp\/v2\/pages\/22","targetHints":{"allow":["GET"]}}],"collection":[{"href":"https:\/\/hans-multscher-ulm.de\/index.php\/wp-json\/wp\/v2\/pages"}],"about":[{"href":"https:\/\/hans-multscher-ulm.de\/index.php\/wp-json\/wp\/v2\/types\/page"}],"author":[{"embeddable":true,"href":"https:\/\/hans-multscher-ulm.de\/index.php\/wp-json\/wp\/v2\/users\/1"}],"replies":[{"embeddable":true,"href":"https:\/\/hans-multscher-ulm.de\/index.php\/wp-json\/wp\/v2\/comments?post=22"}],"version-history":[{"count":8,"href":"https:\/\/hans-multscher-ulm.de\/index.php\/wp-json\/wp\/v2\/pages\/22\/revisions"}],"predecessor-version":[{"id":1132,"href":"https:\/\/hans-multscher-ulm.de\/index.php\/wp-json\/wp\/v2\/pages\/22\/revisions\/1132"}],"wp:attachment":[{"href":"https:\/\/hans-multscher-ulm.de\/index.php\/wp-json\/wp\/v2\/media?parent=22"}],"curies":[{"name":"wp","href":"https:\/\/api.w.org\/{rel}","templated":true}]}}

<p><strong>Kontakt zu Klassenlehrkräften, Fachlehrkräften, AG-Leitungen, etc. ganz einfach über:</strong></p>


<div class="wp-block-image">
<figure class="aligncenter size-full is-resized"><img loading="lazy" decoding="async" width="1010" height="420" src="https://hans-multscher-ulm.de/wp-content/uploads/2024/10/Sdui_Logo-PNG-1000px.png" alt="" class="wp-image-888" style="width:404px;height:auto" srcset="https://hans-multscher-ulm.de/wp-content/uploads/2024/10/Sdui_Logo-PNG-1000px.png 1010w, https://hans-multscher-ulm.de/wp-content/uploads/2024/10/Sdui_Logo-PNG-1000px-300x125.png 300w, https://hans-multscher-ulm.de/wp-content/uploads/2024/10/Sdui_Logo-PNG-1000px-768x319.png 768w" sizes="auto, (max-width: 1010px) 100vw, 1010px" /></figure>
</div>


<p></p>



<p>Sollten Sie Fragen zu Sdui haben oder Schwierigkeiten mit Ihrem Account auftreten, wenden Sie sich bitte an Daniela Stückle (e-mail: daniela.stueckle[at]bw.schule).</p>



<p></p>



<h3 class="wp-block-heading has-text-align-left">Hans-Multscher-Grundschule</h3>



<p class="has-text-align-left">Am Eselsberg 2<br>89075 Ulm</p>



<p class="has-text-align-left">Telefon: +49 731 161-3524<br>e-mail: multscher-gs[at]ulm.de</p>



<p></p>



<p></p>


<div tabindex="700" id="drdsgvo_map" class="drdsgvo_map" style="height:100%;margin:0:padding:0"></div>

<p>Kontakt zu Klassenlehrkräften, Fachlehrkräften, AG-Leitungen, etc. ganz einfach über: Sollten Sie Fragen zu Sdui haben oder Schwierigkeiten mit Ihrem Account auftreten, wenden Sie sich bitte an Daniela Stückle (e-mail: daniela.stueckle[at]bw.schule). Hans-Multscher-Grundschule Am Eselsberg 289075&#46;&#46;&#46;</p>
