{"id":117,"date":"2022-11-24T13:48:54","date_gmt":"2022-11-24T13:48:54","guid":{"rendered":"https:\/\/relaunch.hms.ulm.schule\/?page_id=117"},"modified":"2023-09-25T14:50:59","modified_gmt":"2023-09-25T12:50:59","slug":"foerderverein","status":"publish","type":"page","link":"https:\/\/hans-multscher-ulm.de\/index.php\/foerderverein\/","title":{"rendered":"F\u00f6rderverein"},"content":{"rendered":"\n<p><\/p>\n\n\n\n<blockquote class=\"wp-block-quote is-layout-flow wp-block-quote-is-layout-flow\">\n<h2 class=\"wp-block-heading has-text-align-center\"><mark style=\"background-color:rgba(0, 0, 0, 0)\" class=\"has-inline-color has-vivid-cyan-blue-color\">Schule ist mehr als nur Unterricht. <\/mark>\u00a0<\/h2>\n\n\n\n<h2 class=\"wp-block-heading has-text-align-center\"><mark style=\"background-color:rgba(0, 0, 0, 0)\" class=\"has-inline-color has-vivid-cyan-blue-color\">Schule nimmt einen gro\u00dfen Teil im Alltag unserer Kinder ein. \u00a0<\/mark><\/h2>\n\n\n\n<h2 class=\"wp-block-heading has-text-align-center\"><mark style=\"background-color:rgba(0, 0, 0, 0)\" class=\"has-inline-color has-vivid-cyan-blue-color\">Es sollte ein Ort sein, an dem sich unsere Kinder wohl f\u00fchlen! \u00a0<\/mark><\/h2>\n\n\n\n<h2 class=\"wp-block-heading has-text-align-center\"><mark style=\"background-color:rgba(0, 0, 0, 0)\" class=\"has-inline-color has-vivid-cyan-blue-color\">Dazu m\u00f6chten Wir einen kleinen Teil beitragen. \u00a0<\/mark><\/h2>\n<\/blockquote>\n\n\n\n<p><strong>Wir:&nbsp;<\/strong><\/p>\n\n\n\n<ul class=\"wp-block-list\">\n<li>das ist der \u201eF\u00f6rderverein der Hans-Multscher-Schule e.V.\u201c (dieser existiert seit dem Jahr 2002 als gemeinn\u00fctziger Verein). &nbsp;<\/li>\n<\/ul>\n\n\n\n<ul class=\"wp-block-list\">\n<li>\u00fcbernehmen Kosten f\u00fcr unterschiedliche Anschaffungen, die der gesamten<\/li>\n<\/ul>\n\n\n\n<p>Schulfamilie zugutekommen wie z.B. Musikinstrumente f\u00fcr die Schulband,<\/p>\n\n\n\n<p>Kaffeemaschine- und Kannen f\u00fcr den Kuchenverkauf, Backofen in der Schulk\u00fcche. &nbsp;<\/p>\n\n\n\n<ul class=\"wp-block-list\">\n<li>finanzieren Projekte, die an der Schule durchgef\u00fchrt werden und unterst\u00fctzen bei der Organisation und Durchf\u00fchrung. &nbsp;<\/li>\n<\/ul>\n\n\n\n<p>(AGs, Pr\u00e4ventionsprojekte f\u00fcr Sch\u00fcler*innen, Infoabende f\u00fcr Eltern). &nbsp;<\/p>\n\n\n\n<ul class=\"wp-block-list\">\n<li>k\u00f6nnen Familien auch individuell helfen, indem wir z.B. die Kosten f\u00fcr das Schullandheim bezuschussen. \u00a0<\/li>\n<\/ul>\n\n\n\n<p><\/p>\n\n\n\n<p>Damit wir unsere Arbeit auch in Zukunft weiterf\u00fchren k\u00f6nnen, sind wir auf Hilfe angewiesen. \u00a0<\/p>\n\n\n\n<p><strong>Sie k\u00f6nnen:&nbsp;<\/strong><\/p>\n\n\n\n<ul class=\"wp-block-list\">\n<li>Mitglied des \u201eF\u00f6rdervereins der Hans-Multscher-Schule e.V.\u201c werden &nbsp;(Jahresbeitrag 15\u20ac).<\/li>\n<\/ul>\n\n\n\n<ul class=\"wp-block-list\">\n<li>uns mit einer Geldspende unterst\u00fctzen. Die Spende k\u00f6nnen Sie ganz einfach am n\u00e4chsten Elternabend bei der Klassenlehrerin\/dem Klassenlehrer abgebeben. &nbsp;<\/li>\n<\/ul>\n\n\n\n<p>Sollten Sie noch Fragen haben, oder mehr Informationen von unserer Seite ben\u00f6tigen, dann melden Sie sich gerne. &nbsp;<\/p>\n\n\n\n<p>Wir w\u00fcnschen allen ein gutes und erfolgreiches Schuljahr 2023\/2024. &nbsp;<\/p>\n\n\n\n<p>Mit freundlichen Gr\u00fc\u00dfen, <\/p>\n\n\n\n<p>Ihr Vorstand des \u201eF\u00f6rdervereins der Hans-Multscher-Schule e.V.\u201c \u00a0Christina Droste, Wolfang Janni und Jessica Hilts. \u00a0<\/p>\n\n\n\n<p><\/p>\n\n\n\n<h5 class=\"wp-block-heading\">Kontakt an den F\u00f6rderverein \u00fcber Christina Droste (1. Vorstand): droste.christina23[at]gmail.com\u00a0<\/h5>\n","protected":false},"excerpt":{"rendered":"<p>Schule ist mehr als nur Unterricht. \u00a0 Schule nimmt einen gro\u00dfen Teil im Alltag unserer Kinder ein. \u00a0 Es sollte ein Ort sein, an dem sich unsere Kinder wohl f\u00fchlen! \u00a0 Dazu m\u00f6chten Wir&#46;&#46;&#46;<\/p>\n","protected":false},"author":1,"featured_media":0,"parent":0,"menu_order":0,"comment_status":"closed","ping_status":"closed","template":"","meta":{"_mc_calendar":[],"footnotes":""},"class_list":["post-117","page","type-page","status-publish","hentry"],"_links":{"self":[{"href":"https:\/\/hans-multscher-ulm.de\/index.php\/wp-json\/wp\/v2\/pages\/117","targetHints":{"allow":["GET"]}}],"collection":[{"href":"https:\/\/hans-multscher-ulm.de\/index.php\/wp-json\/wp\/v2\/pages"}],"about":[{"href":"https:\/\/hans-multscher-ulm.de\/index.php\/wp-json\/wp\/v2\/types\/page"}],"author":[{"embeddable":true,"href":"https:\/\/hans-multscher-ulm.de\/index.php\/wp-json\/wp\/v2\/users\/1"}],"replies":[{"embeddable":true,"href":"https:\/\/hans-multscher-ulm.de\/index.php\/wp-json\/wp\/v2\/comments?post=117"}],"version-history":[{"count":8,"href":"https:\/\/hans-multscher-ulm.de\/index.php\/wp-json\/wp\/v2\/pages\/117\/revisions"}],"predecessor-version":[{"id":622,"href":"https:\/\/hans-multscher-ulm.de\/index.php\/wp-json\/wp\/v2\/pages\/117\/revisions\/622"}],"wp:attachment":[{"href":"https:\/\/hans-multscher-ulm.de\/index.php\/wp-json\/wp\/v2\/media?parent=117"}],"curies":[{"name":"wp","href":"https:\/\/api.w.org\/{rel}","templated":true}]}}

Förderverein

<p></p>



<blockquote class="wp-block-quote is-layout-flow wp-block-quote-is-layout-flow">
<h2 class="wp-block-heading has-text-align-center"><mark style="background-color:rgba(0, 0, 0, 0)" class="has-inline-color has-vivid-cyan-blue-color">Schule ist mehr als nur Unterricht. </mark> </h2>



<h2 class="wp-block-heading has-text-align-center"><mark style="background-color:rgba(0, 0, 0, 0)" class="has-inline-color has-vivid-cyan-blue-color">Schule nimmt einen großen Teil im Alltag unserer Kinder ein.  </mark></h2>



<h2 class="wp-block-heading has-text-align-center"><mark style="background-color:rgba(0, 0, 0, 0)" class="has-inline-color has-vivid-cyan-blue-color">Es sollte ein Ort sein, an dem sich unsere Kinder wohl fühlen!  </mark></h2>



<h2 class="wp-block-heading has-text-align-center"><mark style="background-color:rgba(0, 0, 0, 0)" class="has-inline-color has-vivid-cyan-blue-color">Dazu möchten Wir einen kleinen Teil beitragen.  </mark></h2>
</blockquote>



<p><strong>Wir:&nbsp;</strong></p>



<ul class="wp-block-list">
<li>das ist der „Förderverein der Hans-Multscher-Schule e.V.“ (dieser existiert seit dem Jahr 2002 als gemeinnütziger Verein). &nbsp;</li>
</ul>



<ul class="wp-block-list">
<li>übernehmen Kosten für unterschiedliche Anschaffungen, die der gesamten</li>
</ul>



<p>Schulfamilie zugutekommen wie z.B. Musikinstrumente für die Schulband,</p>



<p>Kaffeemaschine- und Kannen für den Kuchenverkauf, Backofen in der Schulküche. &nbsp;</p>



<ul class="wp-block-list">
<li>finanzieren Projekte, die an der Schule durchgeführt werden und unterstützen bei der Organisation und Durchführung. &nbsp;</li>
</ul>



<p>(AGs, Präventionsprojekte für Schüler*innen, Infoabende für Eltern). &nbsp;</p>



<ul class="wp-block-list">
<li>können Familien auch individuell helfen, indem wir z.B. die Kosten für das Schullandheim bezuschussen.  </li>
</ul>



<p></p>



<p>Damit wir unsere Arbeit auch in Zukunft weiterführen können, sind wir auf Hilfe angewiesen.  </p>



<p><strong>Sie können:&nbsp;</strong></p>



<ul class="wp-block-list">
<li>Mitglied des „Fördervereins der Hans-Multscher-Schule e.V.“ werden &nbsp;(Jahresbeitrag 15€).</li>
</ul>



<ul class="wp-block-list">
<li>uns mit einer Geldspende unterstützen. Die Spende können Sie ganz einfach am nächsten Elternabend bei der Klassenlehrerin/dem Klassenlehrer abgebeben. &nbsp;</li>
</ul>



<p>Sollten Sie noch Fragen haben, oder mehr Informationen von unserer Seite benötigen, dann melden Sie sich gerne. &nbsp;</p>



<p>Wir wünschen allen ein gutes und erfolgreiches Schuljahr 2023/2024. &nbsp;</p>



<p>Mit freundlichen Grüßen, </p>



<p>Ihr Vorstand des „Fördervereins der Hans-Multscher-Schule e.V.“  Christina Droste, Wolfang Janni und Jessica Hilts.  </p>



<p></p>



<h5 class="wp-block-heading">Kontakt an den Förderverein über Christina Droste (1. Vorstand): droste.christina23[at]gmail.com </h5>

<p>Schule ist mehr als nur Unterricht.   Schule nimmt einen großen Teil im Alltag unserer Kinder ein.   Es sollte ein Ort sein, an dem sich unsere Kinder wohl fühlen!   Dazu möchten Wir&#46;&#46;&#46;</p>
